is the tens digit of 108100823?
2
What is the millions digit of 969707954?
9
What is the tens digit of 657779655?
5
What is the ten millions digit of 52114566?
5
What is the ten millions digit of 61068662?
6
What is the hundred thousands digit of 1796650364?
6
What is the tens digit of 216274617?
1
What is the hundreds digit of 1491605393?
3
What is the units digit of 1754430260?
0
What is the tens digit of 176178451?
5
What is the hundred millions digit of 359518198?
3
What is the units digit of 486696957?
7
What is the ten thousands digit of 2266439992?
3
What is the hundreds digit of 1275576623?
6
What is the hundred millions digit of 809669934?
8
What is the units digit of 51070223?
3
What is the thousands digit of 248503488?
3
What is the ten thousands digit of 571329475?
2
What is the billions digit of 1796248254?
1
What is the thousands digit of 309298604?
8
What is the millions digit of 95867955?
5
What is the ten millions digit of 2888161864?
8
What is the ten millions digit of 347035928?
4
What is the ten millions digit of 310266147?
1
What is the hundred millions digit of 468057492?
4
What is the ten thousands digit of 53811080?
1
What is the tens digit of 43014521?
2
What is the hundreds digit of 315175490?
4
What is the hundred thousands digit of 67028435?
0
What is the ten millions digit of 120082305?
2
What is the millions digit of 445857124?
5
What is the hundred thousands digit of 386962716?
9
What is the tens digit of 19405975?
7
What is the ten thousands digit of 3280466?
8
What is the hundred thousands digit of 2535226106?
2
What is the hundred millions digit of 1857785682?
8
What is the hundred thousands digit of 651135426?
1
What is the thousands digit of 721315216?
5
What is the hundred millions digit of 1884391988?
8
What is the thousands digit of 36921870?
1
What is the hundreds digit of 32074301?
3
What is the tens digit of 7057926?
2
What is the ten millions digit of 857376396?
5
What is the hundreds digit of 39734807?
8
What is the hundred thousands digit of 5992373780?
3
What is the tens digit of 425925245?
4
What is the thousands digit of 123468398?
8
What is the ten thousands digit of 41870521?
7
What is the thousands digit of 256765101?
5
What is the hundreds digit of 1190362010?
0
What is the hundred thousands digit of 601062516?
0
What is the hundred millions digit of 370618222?
3
What is the units digit of 456615686?
6
What is the tens digit of 43483646?
4
What is the hundred thousands digit of 420339990?
3
What is the units digit of 638888876?
6
What is the thousands digit of 2935155991?
5
What is the units digit of 80038738?
8
What is the ten millions digit of 1552646162?
5
What is the ten thousands digit of 825658105?
5
What is the millions digit of 174730564?
4
What is the millions digit of 200245876?
0
What is the ten thousands digit of 5665089947?
8
What is the ten thousands digit of 537566410?
6
What is the ten thousands digit of 2620169461?
6
What is the units digit of 2730104041?
1
What is the ten thousands digit of 3606832277?
3
What is the tens digit of 607645815?
1
What is the ten millions digit of 1485282416?
8
What is the ten thousands digit of 22502581?
0
What is the millions digit of 105202834?
5
What is the ten millions digit of 43716053?
4
What is the hundred millions digit of 656333534?
6
What is the thousands digit of 21016762?
6
What is the hundred thousands digit of 187400606?
4
What is the units digit of 481881576?
6
What is the ten thousands digit of 5262367365?
6
What is the ten millions digit of 414872899?
1
What is the tens digit of 955800889?
8
What is the units digit of 67314044?
4
What is the hundred millions digit of 1579927319?
5
What is the hundred millions digit of 268110520?
2
What is the ten millions digit of 3143108318?
4
What is the thousands digit of 53678023?
8
What is the ten thousands digit of 5228750905?
5
What is the units digit of 112488302?
2
What is the units digit of 1324441191?
1
What is the ten millions digit of 2606186273?
0
What is the hundred thousands digit of 42461062?
4
What is the ten millions digit of 1461407506?
6
What is the units digit of 483628618?
8
What is the ten thousands digit of 482782532?
8
What is the tens digit of 229672774?
7
What is the units digit of 85987842?
2
What is the millions digit of 234540401?
4
What is the ten millions digit of 1004332406?
0
What is the hundreds digit of 60465066?
0
What is the hundred thousands digit of 90571398?
5
What is the thousands digit of 132719494?
9
What is the ten thousands digit of 708048625?
4
What is the hundred thousands digit of 26483694?
4
What is the ten thousands digit of 44996892?
9
What is the units digit of 175642011?
1
What is the thousands digit of 393492550?
2
What is the thousands digit of 150346351?
6
What is the millions digit of 28734565?
8
What is the thousands digit of 661473777?
3
What is the hundred thousands digit of 27295902?
2
What is the units digit of 5570097932?
2
What is the units digit of 146195838?
8
What is the ten thousands digit of 692110683?
1
What is the thousands digit of 1574474229?
4
What is the millions digit of 176223946?
6
What is the thousands digit of 78261956?
1
What is the thousands digit of 6947177847?
7
What is the ten millions digit of 38162445?
3
What is the hundred thousands digit of 63509342?
5
What is the millions digit of 70906827?
0
What is the hundred thousands digit of 1050149626?
1
What is the ten thousands digit of 6097666?
9
What is the hundred millions digit of 168883434?
1
What is the ten thousands digit of 26901773?
0
What is the units digit of 963313?
3
What is the ten thousands digit of 1811202615?
0
What is the hundred thousands digit of 226313198?
3
What is the hundred thousands digit of 190040518?
0
What is the ten millions digit of 12112447?
1
What is the units digit of 3202808513?
3
What is the units digit of 226240243?
3
What is the millions digit of 268012563?
8
What is the ten millions digit of 20911923?
2
What is the tens digit of 95480861?
6
What is the thousands digit of 2094034495?
4
What is the millions digit of 268051204?
8
What is the thousands digit of 15451122?
1
What is the ten thousands digit of 660158668?
5
What is the units digit of 134455080?
0
What is the hundred thousands digit of 93639630?
6
What is the units digit of 115265084?
4
What is the units digit of 269026842?
2
What is the billions digit of 2295453370?
2
What is the hundreds digit of 155566245?
2
What is the hundreds digit of 9654263?
2
What is the hundred millions digit of 1856449386?
8
What is the millions digit of 346297113?
6
What is the ten thousands digit of 174806815?
0
What is the hundred millions digit of 2599423865?
5
What is the units digit of 23440066?
6
What is the ten thousands digit of 667422479?
2
What is the tens digit of 115981395?
9
What is the units digit of 63980582?
2
What is the hundred millions digit of 483901538?
4
What is the ten thousands digit of 1417071847?
7
What is the ten millions digit of 4309425635?
0
What is the ten thousands digit of 247099289?
9
What is the ten thousands digit of 6226213?
2
What is the hundreds digit of 265760492?
4
What is the units digit of 65841227?
7
What is the ten thousands digit of 177873740?
7
What is the thousands digit of 487602619?
2
What is the ten thousands digit of 531651437?
5
What is the hundreds digit of 116415844?
8
What is the ten millions digit of 115947685?
1
What is the tens digit of 78169570?
7
What is the hundreds digit of 6259186?
1
What is the billions digit of 1002510051?
1
What is the units digit of 126084040?
0
What is the hundreds digit of 106452917?
9
What is the hundreds digit of 395832900?
9
What is the tens digit of 56240419?
1
What is the thousands digit of 2633410579?
0
What is the billions digit of 1490757480?
1
What is the thousands digit of 1007105282?
5
What is the units digit of 53257433?
3
What is the thousands digit of 32925328?
5
What is the hundreds digit of 62490201?
2
What is the hundreds digit of 23501630?
6
What is the ten millions digit of 741846012?
4
What is the hundreds digit of 13269725?
7
What is the thousands digit of 2992012106?
2
What is the hundreds digit of 5924934?
9
What is the hundred thousands digit of 174810523?
8
What is the mill